{"id":19,"date":"2013-09-25T09:27:18","date_gmt":"2013-09-25T07:27:18","guid":{"rendered":"http:\/\/kunstfuerdieohren.de\/?page_id=19"},"modified":"2015-08-10T17:07:31","modified_gmt":"2015-08-10T15:07:31","slug":"referenzen","status":"publish","type":"page","link":"https:\/\/kunstfuerdieohren.de\/?page_id=19","title":{"rendered":"Referenzen"},"content":{"rendered":"<p>Wir sind spezialisiert auf dekorative Fotokunst f\u00fcr moderne B\u00fcros und repr\u00e4sentative Unternehmensr\u00e4ume. Unsere Kunst leistet einen wichtigen Beitrag f\u00fcr ein positives Arbeitsklima und die Motivation der Mitarbeiter.<\/p>\n<p>Auf Wunsch produzieren wir alle Motive auf Schallschutzelementen. Diese einzigartige Kombination verbindet hohe Funktionalit\u00e4t mit attraktiver Wirkung.<\/p>\n<div class=\"symple-toggle state-open \"><h3 class=\"symple-toggle-trigger active\">Kunst auf Schallschutz f\u00fcr die Stratley AG<\/h3><div class=\"symple-toggle-container symple-clearfix\">\n<p>Projekt: Gestaltung der B\u00fcros; Kreation: Norbert Sch\u00e4fer<\/p>\n<p>Die Stratley AG ist eine inhabergeff\u00fchrte Top-Managementberatung f\u00fcr die Chemie- und Rohstoffindustrie. 2013 bezog das Unternehmen neue, attraktive B\u00fcror\u00e4ume.<br \/>\nDas Interior-Design erg\u00e4nzt die hochwertig gestalteten und ausgestatteten B\u00fcros auf hohem Niveau. Um eine motivierende und inspirierte Atmosph\u00e4re zu schaffen, wurden alle Arbeits- und Besprechungsr\u00e4ume mit PhotoArt von Norbert Sch\u00e4fer ausgestattet.<br \/>\nDie Auswahl der Motive interpretiert das Corporate Design des Unternehmens. Zudem erf\u00fcllen die teils gro\u00dfformatigen Kunstwerke eine funktionelle Aufgabe. Alle Motive wurden auf Schallabsorber aufgebracht, um die Raumakustik der mit Parkettb\u00f6den und gro\u00dfen Glasfl\u00e4chen ausgestatteten B\u00fcros sp\u00fcrbar zu verbessern.<br \/>\nDie Stratley AG ist heute ein Teil von KPMG.<\/p>\n<div id=\"metaslider-id-244\" style=\"max-width: 700px;\" class=\"ml-slider-3-107-0 metaslider metaslider-flex metaslider-244 ml-slider has-dots-nav ms-theme-default\" role=\"region\" aria-label=\"referenzen Stratley\" data-height=\"500\" data-width=\"700\">\n    <div id=\"metaslider_container_244\">\n        <div id=\"metaslider_244\">\n            <ul class='slides'>\n                <li style=\"display: block; width: 100%;\" class=\"slide-129 ms-image \" aria-roledescription=\"slide\" data-date=\"2013-09-25 17:43:23\" data-filename=\"Stratley_01-700x500.jpg\" data-slide-type=\"image\"><img src=\"https:\/\/kunstfuerdieohren.de\/wp-content\/uploads\/2013\/09\/Stratley_01-700x500.jpg\" height=\"500\" width=\"700\" alt=\"\" class=\"slider-244 slide-129 msDefaultImage\" \/><div class=\"caption-wrap\"><div class=\"caption\"> Stratley AG - Managementberatung <\/div><\/div><\/li>\n                <li style=\"display: none; width: 100%;\" class=\"slide-133 ms-image \" aria-roledescription=\"slide\" data-date=\"2013-09-25 17:43:26\" data-filename=\"Stratley_05-700x500.jpg\" data-slide-type=\"image\"><img src=\"https:\/\/kunstfuerdieohren.de\/wp-content\/uploads\/2013\/09\/Stratley_05-700x500.jpg\" height=\"500\" width=\"700\" alt=\"\" class=\"slider-244 slide-133 msDefaultImage\" \/><div class=\"caption-wrap\"><div class=\"caption\"> Stratley AG - Managementberatung <\/div><\/div><\/li>\n                <li style=\"display: none; width: 100%;\" class=\"slide-132 ms-image \" aria-roledescription=\"slide\" data-date=\"2013-09-25 17:43:25\" data-filename=\"Stratley_04-700x500.jpg\" data-slide-type=\"image\"><img src=\"https:\/\/kunstfuerdieohren.de\/wp-content\/uploads\/2013\/09\/Stratley_04-700x500.jpg\" height=\"500\" width=\"700\" alt=\"\" class=\"slider-244 slide-132 msDefaultImage\" \/><div class=\"caption-wrap\"><div class=\"caption\"> Stratley AG - Managementberatung <\/div><\/div><\/li>\n                <li style=\"display: none; width: 100%;\" class=\"slide-131 ms-image \" aria-roledescription=\"slide\" data-date=\"2013-09-25 17:43:24\" data-filename=\"Stratley_03-700x500.jpg\" data-slide-type=\"image\"><img src=\"https:\/\/kunstfuerdieohren.de\/wp-content\/uploads\/2013\/09\/Stratley_03-700x500.jpg\" height=\"500\" width=\"700\" alt=\"\" class=\"slider-244 slide-131 msDefaultImage\" \/><div class=\"caption-wrap\"><div class=\"caption\"> Stratley AG - Managementberatung <\/div><\/div><\/li>\n                <li style=\"display: none; width: 100%;\" class=\"slide-130 ms-image \" aria-roledescription=\"slide\" data-date=\"2013-09-25 17:43:23\" data-filename=\"Stratley_02-700x500.jpg\" data-slide-type=\"image\"><img src=\"https:\/\/kunstfuerdieohren.de\/wp-content\/uploads\/2013\/09\/Stratley_02-700x500.jpg\" height=\"500\" width=\"700\" alt=\"\" class=\"slider-244 slide-130 msDefaultImage\" \/><div class=\"caption-wrap\"><div class=\"caption\"> Stratley AG - Managementberatung <\/div><\/div><\/li>\n            <\/ul>\n        <\/div>\n        \n    <\/div>\n<\/div>\n<\/div><\/div>\n","protected":false},"excerpt":{"rendered":"<p>Wir sind spezialisiert auf dekorative Fotokunst f\u00fcr moderne B\u00fcros und repr\u00e4sentative Unternehmensr\u00e4ume. Unsere Kunst leistet einen wichtigen Beitrag f\u00fcr ein positives Arbeitsklima und die Motivation der Mitarbeiter. Auf Wunsch produzieren wir alle Motive auf Schallschutzelementen. Diese einzigartige Kombination verbindet hohe&#8230;<\/p>\n","protected":false},"author":3,"featured_media":0,"parent":0,"menu_order":0,"comment_status":"closed","ping_status":"closed","template":"","meta":[],"_links":{"self":[{"href":"https:\/\/kunstfuerdieohren.de\/index.php?rest_route=\/wp\/v2\/pages\/19"}],"collection":[{"href":"https:\/\/kunstfuerdieohren.de\/index.php?rest_route=\/wp\/v2\/pages"}],"about":[{"href":"https:\/\/kunstfuerdieohren.de\/index.php?rest_route=\/wp\/v2\/types\/page"}],"author":[{"embeddable":true,"href":"https:\/\/kunstfuerdieohren.de\/index.php?rest_route=\/wp\/v2\/users\/3"}],"replies":[{"embeddable":true,"href":"https:\/\/kunstfuerdieohren.de\/index.php?rest_route=%2Fwp%2Fv2%2Fcomments&post=19"}],"version-history":[{"count":16,"href":"https:\/\/kunstfuerdieohren.de\/index.php?rest_route=\/wp\/v2\/pages\/19\/revisions"}],"predecessor-version":[{"id":288,"href":"https:\/\/kunstfuerdieohren.de\/index.php?rest_route=\/wp\/v2\/pages\/19\/revisions\/288"}],"wp:attachment":[{"href":"https:\/\/kunstfuerdieohren.de\/index.php?rest_route=%2Fwp%2Fv2%2Fmedia&parent=19"}],"curies":[{"name":"wp","href":"https:\/\/api.w.org\/{rel}","templated":true}]}}

<p>Wir sind spezialisiert auf dekorative Fotokunst für moderne Büros und repräsentative Unternehmensräume. Unsere Kunst leistet einen wichtigen Beitrag für ein positives Arbeitsklima und die Motivation der Mitarbeiter.</p>
<p>Auf Wunsch produzieren wir alle Motive auf Schallschutzelementen. Diese einzigartige Kombination verbindet hohe Funktionalität mit attraktiver Wirkung.</p>
<div class="symple-toggle state-open "><h3 class="symple-toggle-trigger active">Kunst auf Schallschutz für die Stratley AG</h3><div class="symple-toggle-container symple-clearfix">
<p>Projekt: Gestaltung der Büros; Kreation: Norbert Schäfer</p>
<p>Die Stratley AG ist eine inhabergefführte Top-Managementberatung für die Chemie- und Rohstoffindustrie. 2013 bezog das Unternehmen neue, attraktive Büroräume.<br />
Das Interior-Design ergänzt die hochwertig gestalteten und ausgestatteten Büros auf hohem Niveau. Um eine motivierende und inspirierte Atmosphäre zu schaffen, wurden alle Arbeits- und Besprechungsräume mit PhotoArt von Norbert Schäfer ausgestattet.<br />
Die Auswahl der Motive interpretiert das Corporate Design des Unternehmens. Zudem erfüllen die teils großformatigen Kunstwerke eine funktionelle Aufgabe. Alle Motive wurden auf Schallabsorber aufgebracht, um die Raumakustik der mit Parkettböden und großen Glasflächen ausgestatteten Büros spürbar zu verbessern.<br />
Die Stratley AG ist heute ein Teil von KPMG.</p>
<div id="metaslider-id-244" style="max-width: 700px;" class="ml-slider-3-107-0 metaslider metaslider-flex metaslider-244 ml-slider has-dots-nav ms-theme-default" role="region" aria-label="referenzen Stratley" data-height="500" data-width="700">
    <div id="metaslider_container_244">
        <div id="metaslider_244">
            <ul class='slides'>
                <li style="display: block; width: 100%;" class="slide-129 ms-image " aria-roledescription="slide" data-date="2013-09-25 17:43:23" data-filename="Stratley_01-700x500.jpg" data-slide-type="image"><img src="https://kunstfuerdieohren.de/wp-content/uploads/2013/09/Stratley_01-700x500.jpg" height="500" width="700" alt="" class="slider-244 slide-129 msDefaultImage" /><div class="caption-wrap"><div class="caption"> Stratley AG - Managementberatung </div></div></li>
                <li style="display: none; width: 100%;" class="slide-133 ms-image " aria-roledescription="slide" data-date="2013-09-25 17:43:26" data-filename="Stratley_05-700x500.jpg" data-slide-type="image"><img src="https://kunstfuerdieohren.de/wp-content/uploads/2013/09/Stratley_05-700x500.jpg" height="500" width="700" alt="" class="slider-244 slide-133 msDefaultImage" /><div class="caption-wrap"><div class="caption"> Stratley AG - Managementberatung </div></div></li>
                <li style="display: none; width: 100%;" class="slide-132 ms-image " aria-roledescription="slide" data-date="2013-09-25 17:43:25" data-filename="Stratley_04-700x500.jpg" data-slide-type="image"><img src="https://kunstfuerdieohren.de/wp-content/uploads/2013/09/Stratley_04-700x500.jpg" height="500" width="700" alt="" class="slider-244 slide-132 msDefaultImage" /><div class="caption-wrap"><div class="caption"> Stratley AG - Managementberatung </div></div></li>
                <li style="display: none; width: 100%;" class="slide-131 ms-image " aria-roledescription="slide" data-date="2013-09-25 17:43:24" data-filename="Stratley_03-700x500.jpg" data-slide-type="image"><img src="https://kunstfuerdieohren.de/wp-content/uploads/2013/09/Stratley_03-700x500.jpg" height="500" width="700" alt="" class="slider-244 slide-131 msDefaultImage" /><div class="caption-wrap"><div class="caption"> Stratley AG - Managementberatung </div></div></li>
                <li style="display: none; width: 100%;" class="slide-130 ms-image " aria-roledescription="slide" data-date="2013-09-25 17:43:23" data-filename="Stratley_02-700x500.jpg" data-slide-type="image"><img src="https://kunstfuerdieohren.de/wp-content/uploads/2013/09/Stratley_02-700x500.jpg" height="500" width="700" alt="" class="slider-244 slide-130 msDefaultImage" /><div class="caption-wrap"><div class="caption"> Stratley AG - Managementberatung </div></div></li>
            </ul>
        </div>
        
    </div>
</div>
</div></div>

<p>Wir sind spezialisiert auf dekorative Fotokunst für moderne Büros und repräsentative Unternehmensräume. Unsere Kunst leistet einen wichtigen Beitrag für ein positives Arbeitsklima und die Motivation der Mitarbeiter. Auf Wunsch produzieren wir alle Motive auf Schallschutzelementen. Diese einzigartige Kombination verbindet hohe&#8230;</p>
